44?
88
Calculate the greatest common factor of 9425 and 43550.
325
Calculate the highest common factor of 21 and 27314.
7
Calculate the highest common factor of 2064 and 1581.
3
What is the highest common divisor of 14337399 and 521?
521
Calculate the greatest common factor of 185275 and 100.
25
Calculate the greatest common factor of 28 and 703031.
7
Calculate the greatest common divisor of 1358 and 11984350.
1358
Calculate the highest common factor of 398 and 536703.
199
What is the highest common divisor of 2268 and 448?
28
Calculate the greatest common divisor of 81870 and 60.
30
What is the greatest common divisor of 25 and 21694?
1
What is the greatest common factor of 1005 and 240865?
335
What is the greatest common factor of 4240 and 130?
10
Calculate the highest common factor of 230 and 7655.
5
Calculate the greatest common divisor of 21 and 115360.
7
What is the greatest common divisor of 439 and 565871?
439
What is the greatest common factor of 1186713 and 891?
99
What is the greatest common divisor of 258 and 30874?
86
What is the highest common factor of 55360 and 5?
5
What is the greatest common divisor of 121079 and 1765?
353
Calculate the greatest common factor of 87576 and 120.
24
What is the greatest common divisor of 28518 and 3626?
98
Calculate the highest common factor of 4012 and 18880.
236
What is the highest common factor of 11 and 172117?
11
Calculate the highest common factor of 832829 and 167.
167
What is the greatest common factor of 446862 and 52?
26
Calculate the greatest common divisor of 204 and 95616.
12
What is the greatest common divisor of 35 and 3031?
7
What is the greatest common factor of 187 and 4895?
11
What is the greatest common divisor of 160810 and 1820?
130
Calculate the highest common divisor of 1568 and 21560.
392
What is the greatest common factor of 3228 and 216?
12
What is the greatest common divisor of 92 and 13156?
92
Calculate the greatest common divisor of 1143 and 320802.
381
Calculate the highest common factor of 1848 and 6888.
168
Calculate the greatest common divisor of 52325 and 1150.
575
What is the highest common factor of 12660 and 345?
15
Calculate the highest common factor of 247984 and 352.
176
Calculate the greatest common divisor of 159110 and 210.
70
Calculate the greatest common factor of 492072 and 290.
58
What is the greatest common divisor of 344 and 1856?
8
Calculate the highest common divisor of 67407 and 3.
3
What is the highest common divisor of 855 and 6273?
9
What is the highest common factor of 88 and 19426?
22
What is the greatest common divisor of 640 and 66752?
64
Calculate the greatest common divisor of 489 and 197719.
163
Calculate the greatest common factor of 241 and 1763397.
241
What is the greatest common factor of 1183 and 9737?
91
What is the highest common divisor of 45818 and 1116?
62
Calculate the greatest common divisor of 289524 and 92.
92
Calculate the greatest common divisor of 16 and 29096.
8
What is the greatest common factor of 279884 and 88?
44
Calculate the greatest common divisor of 40169 and 1.
1
Calculate the highest common divisor of 1296316 and 1340.
268
What is the highest common divisor of 124 and 609956?
124
What is the greatest common factor of 1351 and 40723?
193
Calculate the greatest common divisor of 3846 and 651.
3
What is the greatest common factor of 594347 and 349?
349
Calculate the highest common divisor of 86 and 628359.
43
What is the highest common divisor of 4163 and 28417?
181
What is the greatest common factor of 64 and 4680?
8
Calculate the greatest common factor of 272034 and 153.
153
What is the greatest common divisor of 27371 and 404?
101
What is the greatest common factor of 106264 and 444?
148
What is the highest common factor of 45 and 17127495?
45
What is the highest common divisor of 553 and 1687?
7
What is the highest common divisor of 792 and 2024?
88
What is the highest common factor of 12993 and 3408?
213
What is the highest common factor of 450 and 144?
18
What is the highest common divisor of 225607 and 357?
17
What is the greatest common divisor of 424494 and 432?
54
What is the greatest common divisor of 7661 and 1692?
47
What is the greatest common divisor of 2634609 and 17?
17
What is the greatest common divisor of 77925 and 50?
25
What is the highest common factor of 3 and 16839?
3
What is the greatest common divisor of 7452 and 540?
108
What is the highest common divisor of 20748 and 3731?
91
What is the highest common factor of 1113 and 8?
1
Calculate the highest common factor of 3120 and 45120.
240
What is the highest common factor of 272 and 30064?
16
What is the greatest common divisor of 22735 and 5?
5
What is the greatest common factor of 176 and 183304?
88
What is the highest common divisor of 6256 and 365194?
782
What is the highest common divisor of 141721 and 38?
19
Calculate the highest common factor of 142 and 248.
2
What is the greatest common factor of 330 and 12144?
66
Calculate the greatest common factor of 576 and 59976.
72
What is the highest common factor of 3748567 and 19?
19
Calculate the greatest common factor of 300 and 69060.
60
Calculate the greatest common divisor of 1380 and 1356.
12
Calculate the highest common divisor of 799273 and 1311.
437
What is the greatest common divisor of 2369180 and 30?
10
Calculate the greatest common divisor of 408 and 17646.
102
Calculate the greatest common factor of 107778 and 1173.
69
What is the greatest common divisor of 4251 and 429?
39
Calculate the highest common factor of 459020 and 826.
118
Calculate the greatest common divisor of 44 and 4548.
4
What is the highest common divisor of 32 and 236224?
32
What is the greatest common factor of 1449036 and 702?
54
Calculate the highest common divisor of 457573 and 251.
251
Calculate the highest common divisor of 30 and 1169115.
15
What is the highest common factor of 264 and 75416?
88
Calculate the greatest common divisor of 112 and 48307.
7
What is the greatest common divisor of 98064 and 792?
72
What is the highest common factor of 527 and 1922?
31
Calculate the greatest common divisor of 2677 and 464.
1
What is the highest common divisor of 92081 and 44899?
761
Calculate the highest common divisor of 217 and 152117.
217
Calculate the greatest common divisor of 15 and 11721.
3
Calculate the greatest common divisor of 26367 and 11.
11
What is the greatest common factor of 4552 and 264?
8
What is the greatest common divisor of 255 and 6060?
15
Calculate the greatest common divisor of 252 and 7112.
28
Calculate the highest common divisor of 65771 and 89.
89
Calculate the greatest common divisor of 6 and 4346.
2
What is the highest common factor of 29 and 509501?
29
What is the highest common factor of 161 and 324093?
161
What is the highest common divisor of 14 and 494578?
14
What is the highest common factor of 4860 and 225?
45
Calculate the highest common factor of 216 and 415692.
108
Calculate the highest common divisor of 32382 and 1566.
18
Calculate the greatest common divisor of 96 and 178956.
12
What is the greatest common factor of 18281 and 1515?
101
What is the highest common divisor of 14910 and 5355?
105
What is the highest common divisor of 189 and 29799?
63
Calculate the greatest common factor of 1708 and 661118.
122
What is the highest common divisor of 17655 and 8881?
107
Calculate the greatest common divisor of 2276 and 1544.
4
What is the greatest common divisor of 202 and 553783?
101
What is the highest common factor of 1491642 and 36?
18
Calculate the highest common divisor of 87282 and 5928.
78
What is the highest common divisor of 10475 and 4150?
25
What is the greatest common factor of 9592 and 1388224?
872
What is the highest common divisor of 2563 and 891?
11
Calculate the highest common divisor of 1368 and 19485.
9
Calculate the highest common factor of 30 and 7005.
15
What is the greatest common divisor of 111193 and 11295?
251
What is the highest common factor of 1107 and 7139043?
1107
Calculate the greatest common divisor of 41 and 138211.
41
Calculate the highest common divisor of 657 and 72124.
73
Calculate the greatest common divisor of 30 and 7484895.
15
What is the greatest common factor of 1056 and 300256?
352
Calculate the greatest common factor of